{"id":72,"date":"2013-01-20T09:41:38","date_gmt":"2013-01-20T09:41:38","guid":{"rendered":"http:\/\/waffelhoelzchen.de\/?page_id=72"},"modified":"2013-07-01T08:50:30","modified_gmt":"2013-07-01T08:50:30","slug":"agb","status":"publish","type":"page","link":"http:\/\/waffelhoelzchen.de\/?page_id=72","title":{"rendered":"AGB"},"content":{"rendered":"<p><b>Allgemeine Gesch\u00e4ftsbedingungen<br \/>\nStand 01.02.2012<\/b><\/p>\n<p><b>\u00a7 01 Geltungsbereich<\/b><br \/>\nF\u00fcr die Gesch\u00e4ftsbeziehung zwischen NaniNono und dem Besteller\/in gelten ausschlie\u00dflich die nachfolgenden &#8222;Allgemeinen Gesch\u00e4ftsbedingungen&#8220; in ihrer zum Zeitpunkt der Bestellung g\u00fcltigen Fassung. Abweichende Bedingungen des Bestellers erkennt NaniNono nicht an, es sei denn, NaniNono h\u00e4tte ausdr\u00fccklich schriftlich ihrer Geltung zugestimmt.<\/p>\n<p><b>\u00a7 02 Vertragsschluss<\/b><br \/>\nDie Darstellung der Produkte auf http:\/\/www.naninono.de und auf http:\/\/www.waffelhoelzchen.de stellt kein rechtlich bindendes Angebot, sondern einen unverbindlichen Online-Katalog dar. Nach Eingabe Ihrer pers\u00f6nlichen Daten und durch Klicken des Buttons &#8222;Bestellung abschlie\u00dfen&#8220; im abschlie\u00dfenden Schritt des Bestellprozesses geben Sie eine verbindliche Bestellung der im Warenkorb enthaltenen Waren ab. Der Kaufvertrag kommt mit \u00dcbersendung der Bestellbest\u00e4tigung Zustande.<br \/>\n<b>\u00a7 03 Liefergebiet<\/b><br \/>\nNaniNono liefert ausschlie\u00dflich innerhalb Deutschlands ohne die Deutschen Inseln. Alle angegebenen Versandkosten beziehen sich auf dieses Liefergebiet.<\/p>\n<p><b>\u00a7 04 Gew\u00e4hrleistung<\/b><br \/>\nGew\u00e4hrleistung und Haftung: Im Falle von M\u00e4ngeln der bestellten Ware ist NaniNono nach Wahl des K\u00e4ufers zun\u00e4chst zur Nachbesserung des Fehlerhaften Gegenstandes oder zur Ersatzlieferung berechtigt. Nach dem zweiten Fehlschlagen oder bei Unm\u00f6glichkeit der Nachbesserung des fehlerhaften Gegenstandes oder zur Ersatzlieferung in angemessener Zeit ist der Vertragspartner berechtigt, Herabsetzung des Kaufpreises (Minderung) oder R\u00fcckg\u00e4ngigmachung des Vertrags (Wandlung) zu Verlangen. Ausgenommen von der Gew\u00e4hrleistung sind Sch\u00e4den, die auf nat\u00fcrlichen Verschlei\u00df, auf unsachgem\u00e4\u00dfen Gebrauch und auf mangelnde oder falsche Pflege zur\u00fcckzuf\u00fchren sind.<\/p>\n<p>&nbsp;<\/p>\n<p><b>\u00a7 05 Benutzername und Kennwort<\/b><br \/>\nBesteht ein Kundenkonto bei www.naninono.de oder www.waffelhoelzchen.de, so ist der Kunde verpflichtet, die Kombination Benutzername \/ Kennwort vertraulich zu behandeln und nicht an Dritte weiterzugeben. Bei Verdacht auf Missbrauch der Zugangsdaten ist der Betreiber zu informieren.<\/p>\n<p><b>\u00a7 06 Anwendbares Recht und Schlussbestimmungen<\/b><br \/>\nEs gilt ausschlie\u00dflich deutsches Recht f\u00fcr die Gesch\u00e4ftsbeziehung ausgeschlossen des UN-Kaufrechtes.<\/p>\n<p>&nbsp;<\/p>\n<p><b>Ende der AGB<\/b><\/p>\n","protected":false},"excerpt":{"rendered":"<p>Allgemeine Gesch\u00e4ftsbedingungen Stand 01.02.2012 \u00a7 01 Geltungsbereich F\u00fcr die Gesch\u00e4ftsbeziehung zwischen NaniNono und dem Besteller\/in gelten ausschlie\u00dflich die nachfolgenden &#8222;Allgemeinen Gesch\u00e4ftsbedingungen&#8220; in ihrer zum Zeitpunkt der Bestellung g\u00fcltigen Fassung. Abweichende Bedingungen des Bestellers erkennt NaniNono nicht an, es sei denn, &hellip; <a href=\"http:\/\/waffelhoelzchen.de\/?page_id=72\">Weiterlesen <span class=\"meta-nav\">&rarr;<\/span><\/a><\/p>\n","protected":false},"author":1,"featured_media":0,"parent":82,"menu_order":4,"comment_status":"closed","ping_status":"closed","template":"sidebar-page.php","meta":[],"_links":{"self":[{"href":"http:\/\/waffelhoelzchen.de\/index.php?rest_route=\/wp\/v2\/pages\/72"}],"collection":[{"href":"http:\/\/waffelhoelzchen.de\/index.php?rest_route=\/wp\/v2\/pages"}],"about":[{"href":"http:\/\/waffelhoelzchen.de\/index.php?rest_route=\/wp\/v2\/types\/page"}],"author":[{"embeddable":true,"href":"http:\/\/waffelhoelzchen.de\/index.php?rest_route=\/wp\/v2\/users\/1"}],"replies":[{"embeddable":true,"href":"http:\/\/waffelhoelzchen.de\/index.php?rest_route=%2Fwp%2Fv2%2Fcomments&post=72"}],"version-history":[{"count":0,"href":"http:\/\/waffelhoelzchen.de\/index.php?rest_route=\/wp\/v2\/pages\/72\/revisions"}],"up":[{"embeddable":true,"href":"http:\/\/waffelhoelzchen.de\/index.php?rest_route=\/wp\/v2\/pages\/82"}],"wp:attachment":[{"href":"http:\/\/waffelhoelzchen.de\/index.php?rest_route=%2Fwp%2Fv2%2Fmedia&parent=72"}],"curies":[{"name":"wp","href":"https:\/\/api.w.org\/{rel}","templated":true}]}}